. Let u(y) = y**2 - 2*y**2 - 2 - 5*y + 0*y + j. Determine u(n).
4
Let a(n) = n**3 - 5*n**2 + 4*n - 1. Let o be a(4). Let g(l) be the second derivative of l + 0 - 1/2*l**3 + 0*l**2. Calculate g(o).
3
Let t be 12/15*(4 - -1). Suppose -v + 7 - 5 = 0. Suppose 7 + 7 = -2*i + 5*m, -5*i - v = t*m. Let b(o) = 2*o**2 - 2. Give b(i).
6
Suppose -4*g + 5 = -n, -1 + 11 = -2*n + g. Let x(b) be the second derivative of -3*b + 0 + 1/12*b**4 + 5/6*b**3 - 5/2*b**2. Determine x(n).
-5
Let n(a) = -a. Let l(t) = 13*t - 8. Let q(v) = -v + 1. Let d(h) = -l(h) - 6*q(h). Let b(z) = -d(z) + 6*n(z). Suppose -3*i - 25 = 2*i. Calculate b(i).
-7
Let g(h) = h**3 + 6*h**2 - h - 3. Let n = -2 - 4. What is g(n)?
3
Let t(r) = 11*r**2 + 4*r + 2. Let v(z) = 6*z**2 + 2*z + 1. Let l(c) = -4*t(c) + 7*v(c). Suppose -3*q + 1 = -4*q. What is l(q)?
-1
Let r(k) be the second derivative of 1/8*k**4 - 3*k + 0*k**5 - 1/6*k**3 + 0 + 0*k**2 - 1/360*k**6. Let c(j) be the second derivative of r(j). Calculate c(3).
-6
Let a(n) be the third derivative of -n**5/60 - 5*n**4/24 + n**2. Suppose 0 = 5*v - 4*v - 26. Suppose -5*x - 3 = 3*s - 1, -5*x = -4*s - v. Calculate a(s).
4
Let f(m) = 12*m - 16. Let t(g) = 4*g - 5. Let n(p) = -2*f(p) + 7*t(p). Let a be (0 + 1)*4/2. Suppose 8 = 5*d - a. Give n(d).
5
Let m = -13 - -18. Suppose 2 + 6 = 2*t. Let h(l) = -t*l - 7*l + 4*l - 4*l**2 + 4 - 3*l**3 + 4*l**3. Calculate h(m).
-6
Let w(q) = q**2 - q + 22. Let y = -17 - -17. What is w(y)?
22
Let u(k) = -k**3 + 6*k**2 + 9*k - 3. Let c(j) = 2*j - 27. Let g be c(17). Calculate u(g).
11
Let k = 45 - 19. Suppose -29 = -5*w + k. Let b = -6 + w. Let h(u) = -u**2 + 4*u - 1. What is h(b)?
-6
Let t = -22 - -15. Let r = 8 + t. Let g(d) = 3*d**2 + 2*d - 1. Give g(r).
4
Let t(w) = w**2 - 5*w - 4. Suppose 0 = 5*f + 3*l - 30, -5*f - 5 + 35 = -5*l. Suppose -n + 0 = -f. What is t(n)?
2
Let l(y) = y**3 - 13*y**2 + 12*y - 5. Let z = 93 - 81. What is l(z)?
-5
Let r(y) = -6*y**2 + 2*y - 1. Suppose 2*f = -5*c + 11, -2*f - 1 = -7. Give r(c).
-5
Let z(v) = 4*v - 3. Let y be (-18)/27*12*-1. Suppose 4*s - y = -0. Give z(s).
5
Let f(u) = -4*u + 4. Let c(r) = 7*r - 7. Let v(b) = 3*c(b) + 5*f(b). Suppose t = 3*x + 3 - 14, 4*t - 3*x + 17 = 0. Let z be 3/t + (-5)/(-2). What is v(z)?
0
Let s(m) = m - 10. Let u be s(6). Let l(c) = c + 4. Give l(u).
0
Let i(c) = c**3 - 14*c**2 + 23*c + 9. Let j be i(12). Let b(u) = -2*u + 3. What is b(j)?
9
Let o(c) be the third derivative of -c**5/120 + c**4/24 + 2*c**3/3 + c**2. Let a(y) be the first derivative of o(y). What is a(4)?
-3
Let d(p) = p - 2. Let q(i) = -i**2 + 5*i - 2. Let s(t) = d(t) - q(t). Determine s(7).
21
Suppose 34 = 2*q - 5*s - 41, -3*q + 55 = 4*s. Let t be 10*(-5)/(q/2). Let y(k) = -k**2 - 4*k - 5. What is y(t)?
-5
Let f(n) = -45 + 20 - 9*n + 24. Let b(v) = v**3 + v**2 + v - 1. Let h be b(0). Give f(h).
8
Let n(h) = 11*h**3 + 21*h**2 + 10*h - 8. Let z(v) = 5*v**3 + 10*v**2 + 5*v - 4. Let g(p) = 4*n(p) - 9*z(p). Determine g(-5).
4
Let h(a) be the first derivative of -a**4 + 2*a**3/3 - a + 2. Calculate h(1).
-3
Let c be 3/(6/4) - 0. Let t(s) = -2*s**2 + 2 + s**c + s - 1. Let g(k) = -k + 11. Let o be g(8). Calculate t(o).
-5
Let t(x) be the third derivative of -x**6/120 - x**5/6 - x**4/3 + 2*x**3 - 3*x**2. Let c be t(-9). Let w(s) = -s**3 + s**2 + 5*s - 2. Determine w(c).
-5
Let j(t) = t + 2. Suppose 5*q = 2*p + 9, 4*q - p = -0*q + 9. Let m be ((-14)/21)/((-2)/q). Suppose 3*x + 2 + m = 3*f, -x = 2*f + 13. Give j(f).
-2
Let y(l) = 4 + 2*l - l - 4*l + 5*l. Suppose -5*k - 35 = -10, -5*u - 40 = 3*k. What is y(u)?
-6
Let k(s) = 0 + 4 + 3 + 9*s**2 - 8. Give k(1).
8
Let g(p) = -p**2 - 10*p + 5. Let o be g(-10). Let h(l) = 2*l - 5. Determine h(o).
5
Let z(k) = -k**2 - 5*k + 18. Let o be z(-8). Let w(y) = y + 12. Let c be w(o). Let q(x) be the third derivative of x**5/60 - x**4/4 + x**2. Calculate q(c).
0
Let g(x) = -1. Let v(z) = -z**2 + 4*z + 1. Let i(w) = 4*g(w) + v(w). Determine i(4).
-3
Let s(f) = -f**3 - 5*f**2 + 4*f - 3. Let z(m) = -2*m**3 - 10*m**2 + 9*m - 6. Let l(q) = -7*s(q) + 3*z(q). Give l(-5).
8
Let i(l) be the second derivative of 0 + 1/2*l**3 - l**2 - 6*l. Calculate i(-3).
-11
Suppose 2*b = 4 - 0. Let n(k) = -k + 10. Let z be n(12). Let v(x) = -x**2 + 7*x. Let m(y) = -y**2 + 6*y. Let s(a) = z*v(a) + 3*m(a). Calculate s(b).
4
Let k(l) = -l**3 + 2*l**2 + 3*l + 1. Let c(z) = -2*z + 5. Let o be c(4). Let n = -2 - o. Suppose n - 4 = -f. What is k(f)?
1
Let c(o) be the first derivative of -2 - 2/3*o**3 + 0*o + 1/2*o**2. Determine c(1).
-1
Let d(q) be the first derivative of 4*q**3/3 - q + 11. Let b = -3 + 3. Let g = -1 + b. Calculate d(g).
3
Suppose 0 = 5*n + 34 - 4. Let a(k) = -k**3 - 8*k**2 - 7*k + 6. What is a(n)?
-24
Suppose 4*p - 124 - 88 = 0. Suppose -5*b + p - 8 = 0. Let w = 5 - b. Let h(f) = -f - 5. Determine h(w).
-1
Suppose 13 = 3*d - 8. Let l = -5 + d. Let z(c) = c - 1. Calculate z(l).
1
Let o(l) = 5*l - 4. Let j(m) = -14*m + 11. Let a(h) = -6*j(h) - 17*o(h). What is a(-3)?
5
Let z(h) be the third derivative of 0 + 0*h - 1/6*h**4 + 9*h**2 + 2/3*h**3. Give z(4).
-12
Let t(j) = j**3 - 3*j**2 + 2*j - 2. Let d = 1 - 1. Let q be 1/(-3)*(3 - d). Let m(x) = -x + 1. Let l be m(q). What is t(l)?
-2
Let r(c) = -6*c**3 - 10*c**2 - c - 10. Let h(g) = g**3 + g**2 + 1. Let p(x) = -5*h(x) - r(x). Determine p(-5).
0
Suppose -6*x + 4*x - 36 = 0. Let y be 4/(-20) - x/(-10). Let r(z) = 2 + 1 - 2*z + z**3 - 5. What is r(y)?
-6
Suppose y = 6*y + 5*f - 25, -2*y + 10 = -4*f. Suppose -y*u = 15 + 5. Let j(t) be the second derivative of -t**3/6 - 3*t**2/2 - 18*t. What is j(u)?
1
Let m(y) be the second derivative of -7/6*y**3 - 2*y + 0 - 3/2*y**2 - 1/12*y**4. Suppose 4*s + 2 = u - 0*s, -5*u - 38 = 4*s. Determine m(u).
3
Let i(x) = -2*x - 6. Let k(o) be the third derivative of -o**4/24 - 8*o**3/3 + 4*o**2. Let n be k(-10). What is i(n)?
6
Let s(m) = m - 1. Let y(h) = -h**2 - 2 - 13*h + 1 - 4 - 1. Let q be y(-13). What is s(q)?
-7
Let f(a) = -4*a - 6*a + 3*a - 4 + 6*a. Calculate f(-4).
0
Let n(v) = -3*v - 6. Let y be n(-3). Let j(g) = -2*g**2 - 2*g**2 + 4*g**2 + 10*g**y. Give j(-1).
-10
Let q(j) = -j. Let t(n) = n**3 - 6*n**2 - 5*n - 10. Let g(h) = h**3 + 8*h**2 - 2*h - 9. Let b be g(-8). Let y be t(b). Determine q(y).
-4
Let x be (-65)/(-300) + (-4)/24. Let f(w) be the third derivative of 0*w + 2*w**2 + 2/3*w**3 + 0 + 5/24*w**4 - x*w**5 - 1/120*w**6. Calculate f(-4).
0
Let o = -4 - 1. Let a(g) be the second derivative of g**5/20 + g**4/2 + g**3/2 - 5*g**2/2 + 5*g. Give a(o).
5
Let w(j) = -j**2 - 22*j + 46. Let u be w(-24). Let n = 2 - -1. Let m(q) = 2*q - q**3 - 3*q**n + 1 + 3*q**3. Determine m(u).
5
Let z(x) = 30*x + 1 - 24*x - 9*x. Let o = -5 + 7. Suppose -5*c + 1 = -5*r - 9, -2*c = o*r - 12. Give z(r).
-5
Let u(c) = -3*c - c**2 + 2 - 9 + 2*c**2. Suppose -4*b + 176 = 3*m + 773, 2*m + 6 = 0. Let a be 1/(-4) + b/(-28). Determine u(a).
3
Let x(i) = i - 2*i + 6 - 2 - 6. Let o be 5/(-10) + (-5)/2. What is x(o)?
1
Let b(q) be the third derivative of -q**6/120 - q**5/15 + q**4/8 + q**3/2 - 4*q**2. Calculate b(-4).
-9
Let x(o) = -4*o - 5. Let r(z) = z**2 + 1. Let p(i) = r(i) - x(i). Suppose -2*b + 2 = -2. Suppose 5*g + 20 = -b*l, -29 = 5*g + l - 9. What is p(g)?
6
Let h(n) = n**2 - 2*n. Suppose 10 + 10 = 5*u. Give h(u).
8
Let q = -7 - -11. Let g be (-4)/(-3)*6/q. Let a(i) = i**2 + i - g*i**2 + 4*i. Give a(4).
4
Let q(w) = w**2 + w - 3. Let m be q(-3). Suppose 4*p + 4 = -4. Let o(s) = 9*s - 9. Let r(i) = 4*i - 4. Let a(z) = p*o(z) + 5*r(z). What is a(m)?
4
Let v(l) be the first derivative of l**6/360 - l**5/120 + l**4/12 - 8*l**3/3 - 2. Let q(c) be the third derivative of v(c). Determine q(2).
4
Suppose 4*t - 11 - 9 = 0. Suppose -b = 4*u + 7, 6*b + 7 = t*u + 2*b. Let k(w) = 11*w**3 + w**2 + w. What is k(u)?
-11
Let s = -9 + 6. Let x = -2 + s. Let g be 2 + 1 + (x - -2). Let h(t) = -t - 3. Determine h(g).
-3
Let b(k) = k**2 - 1. Let n = 16 + -16. What is b(n)?
-1
Let u(a) = -2*a - 1 + 0*a + 3*a. Let m(h) = -7*h - 10. Let x(p) = -11*p - 15. Let k(r) = 8*m(r) - 5*x(r). Let n(l) = -k(l) + 4*u(l). Calculate n(-1).
-4
Suppose 5*i = -0*i + 20. Suppose i*u = 3 + 5. Let q(c) = -3*c + 7*c - c + c**u + c + 1. Give q(-3).
-2
Let l(b) = 4*b + 9. Let i(c) = 7*c + 18. Let s(x) = -6*i(x) + 11*l(x). Determine s(9).
9
Let l(q) = 